{"id":59612,"date":"2024-04-16T21:19:46","date_gmt":"2024-04-16T19:19:46","guid":{"rendered":"https:\/\/www.geneveroule.ch\/?post_type=tribe_events&#038;p=59612"},"modified":"2024-04-16T21:27:08","modified_gmt":"2024-04-16T19:27:08","slug":"bourse-aux-velos-le-grand-saconnex-en-fete","status":"publish","type":"tribe_events","link":"https:\/\/www.geneveroule.ch\/fr\/activite\/bourse-aux-velos-le-grand-saconnex-en-fete\/","title":{"rendered":"Bourse aux v\u00e9los Le Grand-Saconnex en f\u00eate"},"content":{"rendered":"<p>Dans le cadre de la manifestation \u00ab\u00a0<a href=\"https:\/\/www.grand-saconnex.ch\/fr\/agenda\/le-grand-saconnex-en-fete-0-5437\" target=\"_blank\" rel=\"noopener\">Le Grand-Saconnex en f\u00eate<\/a>\u00ab\u00a0, Gen\u00e8veroule organise une bourse aux v\u00e9los, un atelier de r\u00e9paration de v\u00e9los et un stand avec diff\u00e9rents types de v\u00e9los samedi 4 mai.<\/p>\n<p><strong>Au programme :<br \/>\n<\/strong>&#8211; Stand avec essais de v\u00e9los de 11h \u00e0 18h<br \/>\n&#8211; Atelier de r\u00e9paration de v\u00e9los de 11h \u00e0 18h<br \/>\n&#8211; Bourse aux v\u00e9los de 13h \u00e0 16h30 :<br \/>\n13h-14h : enregistrement des v\u00e9los<br \/>\n14h-16h : vente des v\u00e9los<br \/>\n16h-16h30 : retrait du b\u00e9n\u00e9fice de vente ou des v\u00e9los invendus<br \/>\nUne commission de 15% est per\u00e7ue sur chaque vente pour contribuer aux frais d&rsquo;organisation<\/p>\n<p>&nbsp;<\/p>\n","protected":false},"excerpt":{"rendered":"<p>Dans le cadre de la manifestation \u00ab\u00a0Le Grand-Saconnex en f\u00eate\u00ab\u00a0, Gen\u00e8veroule organise une bourse aux v\u00e9los, un atelier de r\u00e9paration de v\u00e9los et un stand avec diff\u00e9rents types de v\u00e9los [&hellip;]<\/p>\n","protected":false},"author":2,"featured_media":59613,"template":"","meta":{"_et_pb_use_builder":"","_et_pb_old_content":"","_et_gb_content_width":"","_tribe_events_status":"","_tribe_events_status_reason":"","footnotes":""},"tags":[],"tribe_events_cat":[],"class_list":["post-59612","tribe_events","type-tribe_events","status-publish","has-post-thumbnail","hentry"],"yoast_head":"<!-- This site is optimized with the Yoast SEO plugin v27.4 - https:\/\/yoast.com\/product\/yoast-seo-wordpress\/ -->\n<title>Bourse aux v\u00e9los Le Grand-Saconnex en f\u00eate - Gen\u00e8veroule<\/title>\n<meta name=\"description\" content=\"Gen\u00e8veroule organise une bourse aux v\u00e9los le samedi 4 mai dans le cadre de la manifestation &quot;Le Grand-Saconnex en f\u00eate&quot;\" \/>\n<meta name=\"robots\" content=\"index, follow, max-snippet:-1, max-image-preview:large, max-video-preview:-1\" \/>\n<link rel=\"canonical\" href=\"https:\/\/www.geneveroule.ch\/fr\/activite\/bourse-aux-velos-le-grand-saconnex-en-fete\/\" \/>\n<meta property=\"og:locale\" content=\"fr_FR\" \/>\n<meta property=\"og:type\" content=\"article\" \/>\n<meta property=\"og:title\" content=\"Bourse aux v\u00e9los Le Grand-Saconnex en f\u00eate - Gen\u00e8veroule\" \/>\n<meta property=\"og:description\" content=\"Gen\u00e8veroule organise une bourse aux v\u00e9los le samedi 4 mai dans le cadre de la manifestation &quot;Le Grand-Saconnex en f\u00eate&quot;\" \/>\n<meta property=\"og:url\" content=\"https:\/\/www.geneveroule.ch\/fr\/activite\/bourse-aux-velos-le-grand-saconnex-en-fete\/\" \/>\n<meta property=\"og:site_name\" content=\"Gen\u00e8veroule\" \/>\n<meta property=\"article:modified_time\" content=\"2024-04-16T19:27:08+00:00\" \/>\n<meta property=\"og:image\" content=\"https:\/\/www.geneveroule.ch\/wp-content\/uploads\/2024\/04\/Bourse-aux-velos-geneveroule-4-mai-2024.png\" \/>\n\t<meta property=\"og:image:width\" content=\"1080\" \/>\n\t<meta property=\"og:image:height\" content=\"1080\" \/>\n\t<meta property=\"og:image:type\" content=\"image\/png\" \/>\n<meta name=\"twitter:card\" content=\"summary_large_image\" \/>\n<meta name=\"twitter:label1\" content=\"Dur\u00e9e de lecture estim\u00e9e\" \/>\n\t<meta name=\"twitter:data1\" content=\"1 minute\" \/>\n<script type=\"application\/ld+json\" class=\"yoast-schema-graph\">{\"@context\":\"https:\\\/\\\/schema.org\",\"@graph\":[{\"@type\":\"WebPage\",\"@id\":\"https:\\\/\\\/www.geneveroule.ch\\\/fr\\\/activite\\\/bourse-aux-velos-le-grand-saconnex-en-fete\\\/\",\"url\":\"https:\\\/\\\/www.geneveroule.ch\\\/fr\\\/activite\\\/bourse-aux-velos-le-grand-saconnex-en-fete\\\/\",\"name\":\"Bourse aux v\u00e9los Le Grand-Saconnex en f\u00eate - Gen\u00e8veroule\",\"isPartOf\":{\"@id\":\"https:\\\/\\\/www.geneveroule.ch\\\/fr\\\/#website\"},\"primaryImageOfPage\":{\"@id\":\"https:\\\/\\\/www.geneveroule.ch\\\/fr\\\/activite\\\/bourse-aux-velos-le-grand-saconnex-en-fete\\\/#primaryimage\"},\"image\":{\"@id\":\"https:\\\/\\\/www.geneveroule.ch\\\/fr\\\/activite\\\/bourse-aux-velos-le-grand-saconnex-en-fete\\\/#primaryimage\"},\"thumbnailUrl\":\"https:\\\/\\\/www.geneveroule.ch\\\/wp-content\\\/uploads\\\/2024\\\/04\\\/Bourse-aux-velos-geneveroule-4-mai-2024.png\",\"datePublished\":\"2024-04-16T19:19:46+00:00\",\"dateModified\":\"2024-04-16T19:27:08+00:00\",\"description\":\"Gen\u00e8veroule organise une bourse aux v\u00e9los le samedi 4 mai dans le cadre de la manifestation \\\"Le Grand-Saconnex en f\u00eate\\\"\",\"breadcrumb\":{\"@id\":\"https:\\\/\\\/www.geneveroule.ch\\\/fr\\\/activite\\\/bourse-aux-velos-le-grand-saconnex-en-fete\\\/#breadcrumb\"},\"inLanguage\":\"fr-FR\",\"potentialAction\":[{\"@type\":\"ReadAction\",\"target\":[\"https:\\\/\\\/www.geneveroule.ch\\\/fr\\\/activite\\\/bourse-aux-velos-le-grand-saconnex-en-fete\\\/\"]}]},{\"@type\":\"ImageObject\",\"inLanguage\":\"fr-FR\",\"@id\":\"https:\\\/\\\/www.geneveroule.ch\\\/fr\\\/activite\\\/bourse-aux-velos-le-grand-saconnex-en-fete\\\/#primaryimage\",\"url\":\"https:\\\/\\\/www.geneveroule.ch\\\/wp-content\\\/uploads\\\/2024\\\/04\\\/Bourse-aux-velos-geneveroule-4-mai-2024.png\",\"contentUrl\":\"https:\\\/\\\/www.geneveroule.ch\\\/wp-content\\\/uploads\\\/2024\\\/04\\\/Bourse-aux-velos-geneveroule-4-mai-2024.png\",\"width\":1080,\"height\":1080},{\"@type\":\"BreadcrumbList\",\"@id\":\"https:\\\/\\\/www.geneveroule.ch\\\/fr\\\/activite\\\/bourse-aux-velos-le-grand-saconnex-en-fete\\\/#breadcrumb\",\"itemListElement\":[{\"@type\":\"ListItem\",\"position\":1,\"name\":\"Accueil\",\"item\":\"https:\\\/\\\/www.geneveroule.ch\\\/fr\\\/\"},{\"@type\":\"ListItem\",\"position\":2,\"name\":\"\u00c9v\u00e8nements\",\"item\":\"https:\\\/\\\/www.geneveroule.ch\\\/fr\\\/calendrier\\\/\"},{\"@type\":\"ListItem\",\"position\":3,\"name\":\"Bourse aux v\u00e9los Le Grand-Saconnex en f\u00eate\"}]},{\"@type\":\"WebSite\",\"@id\":\"https:\\\/\\\/www.geneveroule.ch\\\/fr\\\/#website\",\"url\":\"https:\\\/\\\/www.geneveroule.ch\\\/fr\\\/\",\"name\":\"Gen\u00e8veroule\",\"description\":\"v\u00e9lo et insertion\",\"potentialAction\":[{\"@type\":\"SearchAction\",\"target\":{\"@type\":\"EntryPoint\",\"urlTemplate\":\"https:\\\/\\\/www.geneveroule.ch\\\/fr\\\/?s={search_term_string}\"},\"query-input\":{\"@type\":\"PropertyValueSpecification\",\"valueRequired\":true,\"valueName\":\"search_term_string\"}}],\"inLanguage\":\"fr-FR\"}]}<\/script>\n<!-- \/ Yoast SEO plugin. -->","yoast_head_json":{"title":"Bourse aux v\u00e9los Le Grand-Saconnex en f\u00eate - Gen\u00e8veroule","description":"Gen\u00e8veroule organise une bourse aux v\u00e9los le samedi 4 mai dans le cadre de la manifestation \"Le Grand-Saconnex en f\u00eate\"","robots":{"index":"index","follow":"follow","max-snippet":"max-snippet:-1","max-image-preview":"max-image-preview:large","max-video-preview":"max-video-preview:-1"},"canonical":"https:\/\/www.geneveroule.ch\/fr\/activite\/bourse-aux-velos-le-grand-saconnex-en-fete\/","og_locale":"fr_FR","og_type":"article","og_title":"Bourse aux v\u00e9los Le Grand-Saconnex en f\u00eate - Gen\u00e8veroule","og_description":"Gen\u00e8veroule organise une bourse aux v\u00e9los le samedi 4 mai dans le cadre de la manifestation \"Le Grand-Saconnex en f\u00eate\"","og_url":"https:\/\/www.geneveroule.ch\/fr\/activite\/bourse-aux-velos-le-grand-saconnex-en-fete\/","og_site_name":"Gen\u00e8veroule","article_modified_time":"2024-04-16T19:27:08+00:00","og_image":[{"width":1080,"height":1080,"url":"https:\/\/www.geneveroule.ch\/wp-content\/uploads\/2024\/04\/Bourse-aux-velos-geneveroule-4-mai-2024.png","type":"image\/png"}],"twitter_card":"summary_large_image","twitter_misc":{"Dur\u00e9e de lecture estim\u00e9e":"1 minute"},"schema":{"@context":"https:\/\/schema.org","@graph":[{"@type":"WebPage","@id":"https:\/\/www.geneveroule.ch\/fr\/activite\/bourse-aux-velos-le-grand-saconnex-en-fete\/","url":"https:\/\/www.geneveroule.ch\/fr\/activite\/bourse-aux-velos-le-grand-saconnex-en-fete\/","name":"Bourse aux v\u00e9los Le Grand-Saconnex en f\u00eate - Gen\u00e8veroule","isPartOf":{"@id":"https:\/\/www.geneveroule.ch\/fr\/#website"},"primaryImageOfPage":{"@id":"https:\/\/www.geneveroule.ch\/fr\/activite\/bourse-aux-velos-le-grand-saconnex-en-fete\/#primaryimage"},"image":{"@id":"https:\/\/www.geneveroule.ch\/fr\/activite\/bourse-aux-velos-le-grand-saconnex-en-fete\/#primaryimage"},"thumbnailUrl":"https:\/\/www.geneveroule.ch\/wp-content\/uploads\/2024\/04\/Bourse-aux-velos-geneveroule-4-mai-2024.png","datePublished":"2024-04-16T19:19:46+00:00","dateModified":"2024-04-16T19:27:08+00:00","description":"Gen\u00e8veroule organise une bourse aux v\u00e9los le samedi 4 mai dans le cadre de la manifestation \"Le Grand-Saconnex en f\u00eate\"","breadcrumb":{"@id":"https:\/\/www.geneveroule.ch\/fr\/activite\/bourse-aux-velos-le-grand-saconnex-en-fete\/#breadcrumb"},"inLanguage":"fr-FR","potentialAction":[{"@type":"ReadAction","target":["https:\/\/www.geneveroule.ch\/fr\/activite\/bourse-aux-velos-le-grand-saconnex-en-fete\/"]}]},{"@type":"ImageObject","inLanguage":"fr-FR","@id":"https:\/\/www.geneveroule.ch\/fr\/activite\/bourse-aux-velos-le-grand-saconnex-en-fete\/#primaryimage","url":"https:\/\/www.geneveroule.ch\/wp-content\/uploads\/2024\/04\/Bourse-aux-velos-geneveroule-4-mai-2024.png","contentUrl":"https:\/\/www.geneveroule.ch\/wp-content\/uploads\/2024\/04\/Bourse-aux-velos-geneveroule-4-mai-2024.png","width":1080,"height":1080},{"@type":"BreadcrumbList","@id":"https:\/\/www.geneveroule.ch\/fr\/activite\/bourse-aux-velos-le-grand-saconnex-en-fete\/#breadcrumb","itemListElement":[{"@type":"ListItem","position":1,"name":"Accueil","item":"https:\/\/www.geneveroule.ch\/fr\/"},{"@type":"ListItem","position":2,"name":"\u00c9v\u00e8nements","item":"https:\/\/www.geneveroule.ch\/fr\/calendrier\/"},{"@type":"ListItem","position":3,"name":"Bourse aux v\u00e9los Le Grand-Saconnex en f\u00eate"}]},{"@type":"WebSite","@id":"https:\/\/www.geneveroule.ch\/fr\/#website","url":"https:\/\/www.geneveroule.ch\/fr\/","name":"Gen\u00e8veroule","description":"v\u00e9lo et insertion","potentialAction":[{"@type":"SearchAction","target":{"@type":"EntryPoint","urlTemplate":"https:\/\/www.geneveroule.ch\/fr\/?s={search_term_string}"},"query-input":{"@type":"PropertyValueSpecification","valueRequired":true,"valueName":"search_term_string"}}],"inLanguage":"fr-FR"}]}},"_links":{"self":[{"href":"https:\/\/www.geneveroule.ch\/fr\/wp-json\/wp\/v2\/tribe_events\/59612","targetHints":{"allow":["GET"]}}],"collection":[{"href":"https:\/\/www.geneveroule.ch\/fr\/wp-json\/wp\/v2\/tribe_events"}],"about":[{"href":"https:\/\/www.geneveroule.ch\/fr\/wp-json\/wp\/v2\/types\/tribe_events"}],"author":[{"embeddable":true,"href":"https:\/\/www.geneveroule.ch\/fr\/wp-json\/wp\/v2\/users\/2"}],"version-history":[{"count":2,"href":"https:\/\/www.geneveroule.ch\/fr\/wp-json\/wp\/v2\/tribe_events\/59612\/revisions"}],"predecessor-version":[{"id":59617,"href":"https:\/\/www.geneveroule.ch\/fr\/wp-json\/wp\/v2\/tribe_events\/59612\/revisions\/59617"}],"wp:featuredmedia":[{"embeddable":true,"href":"https:\/\/www.geneveroule.ch\/fr\/wp-json\/wp\/v2\/media\/59613"}],"wp:attachment":[{"href":"https:\/\/www.geneveroule.ch\/fr\/wp-json\/wp\/v2\/media?parent=59612"}],"wp:term":[{"taxonomy":"post_tag","embeddable":true,"href":"https:\/\/www.geneveroule.ch\/fr\/wp-json\/wp\/v2\/tags?post=59612"},{"taxonomy":"tribe_events_cat","embeddable":true,"href":"https:\/\/www.geneveroule.ch\/fr\/wp-json\/wp\/v2\/tribe_events_cat?post=59612"}],"curies":[{"name":"wp","href":"https:\/\/api.w.org\/{rel}","templated":true}]}}

Bourse aux vélos Le Grand-Saconnex en fête

<p>Dans le cadre de la manifestation « <a href="https://www.grand-saconnex.ch/fr/agenda/le-grand-saconnex-en-fete-0-5437" target="_blank" rel="noopener">Le Grand-Saconnex en fête</a>« , Genèveroule organise une bourse aux vélos, un atelier de réparation de vélos et un stand avec différents types de vélos samedi 4 mai.</p>
<p><strong>Au programme :<br />
</strong>&#8211; Stand avec essais de vélos de 11h à 18h<br />
&#8211; Atelier de réparation de vélos de 11h à 18h<br />
&#8211; Bourse aux vélos de 13h à 16h30 :<br />
13h-14h : enregistrement des vélos<br />
14h-16h : vente des vélos<br />
16h-16h30 : retrait du bénéfice de vente ou des vélos invendus<br />
Une commission de 15% est perçue sur chaque vente pour contribuer aux frais d&rsquo;organisation</p>
<p>&nbsp;</p>

<p>Dans le cadre de la manifestation « Le Grand-Saconnex en fête« , Genèveroule organise une bourse aux vélos, un atelier de réparation de vélos et un stand avec différents types de vélos [&hellip;]</p>

<!-- This site is optimized with the Yoast SEO plugin v27.4 - https://yoast.com/product/yoast-seo-wordpress/ -->
<title>Bourse aux vélos Le Grand-Saconnex en fête - Genèveroule</title>
<meta name="description" content="Genèveroule organise une bourse aux vélos le samedi 4 mai dans le cadre de la manifestation &quot;Le Grand-Saconnex en fête&quot;" />
<meta name="robots" content="index, follow, max-snippet:-1, max-image-preview:large, max-video-preview:-1" />
<link rel="canonical" href="https://www.geneveroule.ch/fr/activite/bourse-aux-velos-le-grand-saconnex-en-fete/" />
<meta property="og:locale" content="fr_FR" />
<meta property="og:type" content="article" />
<meta property="og:title" content="Bourse aux vélos Le Grand-Saconnex en fête - Genèveroule" />
<meta property="og:description" content="Genèveroule organise une bourse aux vélos le samedi 4 mai dans le cadre de la manifestation &quot;Le Grand-Saconnex en fête&quot;" />
<meta property="og:url" content="https://www.geneveroule.ch/fr/activite/bourse-aux-velos-le-grand-saconnex-en-fete/" />
<meta property="og:site_name" content="Genèveroule" />
<meta property="article:modified_time" content="2024-04-16T19:27:08+00:00" />
<meta property="og:image" content="https://www.geneveroule.ch/wp-content/uploads/2024/04/Bourse-aux-velos-geneveroule-4-mai-2024.png" />
	<meta property="og:image:width" content="1080" />
	<meta property="og:image:height" content="1080" />
	<meta property="og:image:type" content="image/png" />
<meta name="twitter:card" content="summary_large_image" />
<meta name="twitter:label1" content="Durée de lecture estimée" />
	<meta name="twitter:data1" content="1 minute" />
<script type="application/ld+json" class="yoast-schema-graph">{"@context":"https:\/\/schema.org","@graph":[{"@type":"WebPage","@id":"https:\/\/www.geneveroule.ch\/fr\/activite\/bourse-aux-velos-le-grand-saconnex-en-fete\/","url":"https:\/\/www.geneveroule.ch\/fr\/activite\/bourse-aux-velos-le-grand-saconnex-en-fete\/","name":"Bourse aux vélos Le Grand-Saconnex en fête - Genèveroule","isPartOf":{"@id":"https:\/\/www.geneveroule.ch\/fr\/#website"},"primaryImageOfPage":{"@id":"https:\/\/www.geneveroule.ch\/fr\/activite\/bourse-aux-velos-le-grand-saconnex-en-fete\/#primaryimage"},"image":{"@id":"https:\/\/www.geneveroule.ch\/fr\/activite\/bourse-aux-velos-le-grand-saconnex-en-fete\/#primaryimage"},"thumbnailUrl":"https:\/\/www.geneveroule.ch\/wp-content\/uploads\/2024\/04\/Bourse-aux-velos-geneveroule-4-mai-2024.png","datePublished":"2024-04-16T19:19:46+00:00","dateModified":"2024-04-16T19:27:08+00:00","description":"Genèveroule organise une bourse aux vélos le samedi 4 mai dans le cadre de la manifestation \"Le Grand-Saconnex en fête\"","breadcrumb":{"@id":"https:\/\/www.geneveroule.ch\/fr\/activite\/bourse-aux-velos-le-grand-saconnex-en-fete\/#breadcrumb"},"inLanguage":"fr-FR","potentialAction":[{"@type":"ReadAction","target":["https:\/\/www.geneveroule.ch\/fr\/activite\/bourse-aux-velos-le-grand-saconnex-en-fete\/"]}]},{"@type":"ImageObject","inLanguage":"fr-FR","@id":"https:\/\/www.geneveroule.ch\/fr\/activite\/bourse-aux-velos-le-grand-saconnex-en-fete\/#primaryimage","url":"https:\/\/www.geneveroule.ch\/wp-content\/uploads\/2024\/04\/Bourse-aux-velos-geneveroule-4-mai-2024.png","contentUrl":"https:\/\/www.geneveroule.ch\/wp-content\/uploads\/2024\/04\/Bourse-aux-velos-geneveroule-4-mai-2024.png","width":1080,"height":1080},{"@type":"BreadcrumbList","@id":"https:\/\/www.geneveroule.ch\/fr\/activite\/bourse-aux-velos-le-grand-saconnex-en-fete\/#breadcrumb","itemListElement":[{"@type":"ListItem","position":1,"name":"Accueil","item":"https:\/\/www.geneveroule.ch\/fr\/"},{"@type":"ListItem","position":2,"name":"Évènements","item":"https:\/\/www.geneveroule.ch\/fr\/calendrier\/"},{"@type":"ListItem","position":3,"name":"Bourse aux vélos Le Grand-Saconnex en fête"}]},{"@type":"WebSite","@id":"https:\/\/www.geneveroule.ch\/fr\/#website","url":"https:\/\/www.geneveroule.ch\/fr\/","name":"Genèveroule","description":"vélo et insertion","potentialAction":[{"@type":"SearchAction","target":{"@type":"EntryPoint","urlTemplate":"https:\/\/www.geneveroule.ch\/fr\/?s={search_term_string}"},"query-input":{"@type":"PropertyValueSpecification","valueRequired":true,"valueName":"search_term_string"}}],"inLanguage":"fr-FR"}]}</script>
<!-- / Yoast SEO plugin. -->

Bourse aux vélos Le Grand-Saconnex en fête - Genèveroule

Genèveroule organise une bourse aux vélos le samedi 4 mai dans le cadre de la manifestation "Le Grand-Saconnex en fête"

Genèveroule

Évènements

vélo et insertion
